What is the value of -5 + (-4 - -6) + 25 + (-4 - -3) + 5?
26
Calculate 7 + (-13 - -24) + -11 + -12 + 14.
9
What is -43 + (1 - (-17 - -27 - (3 - (-2 + -4))))?
-43
What is 3 + (-2 - (-3 - -6)) + (13 + -21 - 20)?
-30
What is -57 - (2 + 2 - (25 - 14) - (4 - 9))?
-55
27 - (-50 - -31 - -80)
-34
Evaluate 27 + (-60 - (-73 + 90)).
-50
What is (98 - -3) + 452 + -516?
37
Evaluate (8 - (32 - 55)) + -58 + 48.
21
Evaluate (-2 - -27) + 1277 + -1332.
-30
What is the value of (137 - (113 + -101)) + -56?
69
Evaluate -61 + -12 + 21 - -122.
70
What is -6 - (85 + -24 + -24) - (2 + -14 - -2)?
-33
Evaluate (-13 + -1 - 76) + 25 + -17 + -12.
-94
What is -27 + (-12 - (21 - (-7 + 23)))?
-44
What is the value of ((-1 - -18) + -19 - -14) + -30?
-18
Evaluate 9 - (89 + (1 + 1 - (87 - 75))).
-70
What is 16 + -14 + (0 - 7) + (-43 - (3 - 124))?
73
Evaluate 14 - (1 - -9 - (24 - 28) - -22).
-22
What is the value of -679 + 661 + (-4 - -8) + -66?
-80
-7 + -3 + 5 + 5 + (-4 - 29)
-33
11 - (-23 + 45 + -15) - (25 + 1)
-22
What is the value of -5 + (-5 - -11) + -4 + 27 + -37?
-13
Calculate -57 - (-33 + 95 + -172).
53
(-52 - -38 - 48) + 38
-24
What is the value of 1 + (-41 + 48 - (48 + 2 - 0))?
-42
-49 + -48 + 42 + 58
3
What is -6 - (27 + (40 - 92))?
19
Calculate -8 + (-7 - -8) + (139 - 98).
34
Calculate 54 + -11 - 10 - 25 - 38.
-30
Calculate (-14 - (3 + 7 + -2)) + 3 + 1 + -4.
-22
Calculate -77 + (-20 - (-11 + 2)) - (-8 + 11).
-91
What is -7 + -10 - (-30 - (2 - 20))?
-5
What is the value of (-77 - -91) + -57 - (-4 + -126)?
87
What is -1 - (20 + (-3 - -28) + 0)?
-46
Evaluate 32 - (-11 + 19) - (-1 + 15) - 34.
-24
What is 9 + -28 - (483 + -370)?
-132
Evaluate -25 - ((-152 - -103) + 93).
-69
(1 + 19 - 0) + (-8 - 208 - -221)
25
-10 + 12 - -5 - (-2 - 1 - (0 - 59))
-49
Evaluate 1547 + -1419 + -5 + -107.
16
What is 33 - (7 + 2 + (11 - (40 - 8)) + 11)?
34
8 - 2 - (20 + -16) - (-13 + 17 + -12)
10
What is -1 + (68 - -2 - (400 + -380))?
49
What is the value of -35 + -21 + 24 - (2 - (1 + 1))?
-32
What is the value of (-25 - (-8 + -9)) + (-1 - -1 - (28 + -31))?
-5
-146 - (-177 - -98) - -144
77
What is the value of 0 + (-10 - (-10 + 19 - (10 - (-48 - -8))))?
31
56 + -55 + -54 - -20
-33
What is the value of -4 - (17 + 2 - (9 - 2 - 34))?
-50
Calculate 0 - 8 - ((-359 - -355) + (-81 - -1)).
76
What is the value of 53 - (-31 + (-9 - 9 - -10 - -21))?
71
What is -22 + (62 - -1 - (-7 + -21))?
69
-32 + (-23 - (22 + -35 + -18))
-24
Calculate (-18 - -7) + -3 - 25 - 8.
-47
What is (119 - 149 - 19) + (9 - 1)?
-41
Calculate -4 - (-77 - (-2 - (0 - -17))).
54
What is the value of (12 - ((-10 - -18) + 16)) + 4 + (1 - -91)?
84
-16 + 71 + -78 - (8 + -1)
-30
Calculate 6 + (-79 - (-340 - -139)).
128
What is the value of 1089 + -1106 + (-1 - (0 - 1))?
-17
What is -17 - -1 - -12 - -7 - (-92 + (-1 - 1))?
97
-33 + (1 + -5 - -7) + 62 + -49
-17
Calculate (53 - 42 - (11 + -1)) + -34 + -1.
-34
Calculate -284 + (77 - -222) + -161.
-146
Calculate (1 - ((-7 + 0 - (92 + -116)) + -12)) + 54.
50
Evaluate -11 - ((-19 - -11) + 14 + -12) - 7.
-12
Calculate (-4239 - -4349) + -1 + -31.
78
1 - ((-2 - -17) + (-34 - (-60 + 28)))
-12
Evaluate -38 + 13 + 6 + 1 + 10 - 6.
-14
What is 33 + 0 + 1 - (11395 - 11388)?
27
Calculate 1 + -3 - -20 - (1535 + -1491).
-26
Evaluate 0 + -32 - (440 + -468).
-4
Evaluate -20 + 1 - (205 - 303 - -58).
21
What is -25974 + 25808 + (-1 - -20)?
-147
What is the value of (-471 + 453 - (-33 + 0)) + 1 + -95?
-79
What is the value of ((-1 - 1) + -95 + 93 - (-4 - -36)) + -9?
-45
Evaluate 11 + (0 - (11 - 11)) + (1 + 18 - 13).
17
Evaluate -2 + (-3 - -1) + 721 + -671.
46
(-17 - 101) + 106 - (0 + -13)
1
-10 + 1 + -2 + (58 - 54 - (29 + 0))
-36
What is the value of 2 + -31 - (-19 - (31 - -6))?
27
158 - (-79 - -109 - -109)
19
Calculate -78 + (27 + -8 - 26 - -10 - -9).
-66
(1 - 2) + (55 - (107 + -50))
-3
Calculate 1 + -2 + (-6 - 7) - ((-89 - -63) + -75).
87
Calculate (24 - 180) + 105 + -81.
-132
What is the value of 3 - 1 - (5 + -3 + (-9 - (-26 - -18)))?
1
Evaluate 0 + -62 - (-8 - (1 + -1) - (-57 + 44)).
-67
What is (-47 - (-2 - (5 - 16))) + -15 + 0?
-71
What is 156 + (-268 - (-142 + 30))?
0
Evaluate -2 + 4 + -2 + 7 + (-5 - -104) + 24.
130
(2 - 42 - -80) + -33 + 2 + -2 + 50
57
Calculate 52 + -7 - (244 - 147) - -99.
47
Evaluate -42 + -22 + 26 + 20 - 9.
-27
27 - ((-3 - -6 - -12) + 28)
-16
What is the value of (-927 - -927) + (4 - (-3 - -7) - (-26 - -3))?
23
Calculate -66 + (-1 + 15 + (-2 - -34) + -49 - -11).
-58
What is -9 + -1 + (20 + -32 - -14) + 102?
94
What is the value of (96 - 35) + -11 + (27 - (2 + 8))?
67
What is -8 + (0 + 0 - (591 + -609 - (-85 + -1)))?
-76
What is the value of 5 - (-7 - (5 - 5)) - (-249 + 262) - 75?
-76
144 - 115 - (-10 + 47 - 13)
5
What is (-542 - -572) + (-1 - -18)?
47
What is -57 + 63 + -16 - (2 - -4)?
-16
What is the value of -34 + (125 - 30 - 77 - (10 - 1))?
-25
What is -9 + 8 + -4 + -45 + (6 + -5 - -4)?
-45
Calculate -14 + (38 - (41 + -41 - 24)).
48
What is (-40 - -147) + -111 + (-1 - -1 - -22)?
18
What is (2 - 4) + (39 - (9 - -19 - 4))?
13
Evaluate 63 - -7 - (10 + 6) - -6 - (1 - 3).
62
Calculate 193 + -74 + (20 - 82).
57
What is 1 - -46 - (847 - 764)?
-36
What is (-11 - (-45 + 48 + (3 - 5))) + -4?
-16
(1 - -10) + -2 + 125 + -142 + (24 - 6)
10
1 - -1 - ((1778 - 1738) + 0 + -164)
126
(-935 - -881) + -3 + (-2 - (-2 - 3))
-54
Evaluate -25 - (1 + (0 - 0 - (-43 + (55 - 12)))).
-26
9 - (49 - 80 - -19)
21
Evaluate 292 + 55 + -168 - 77.
102
What is -4 - (-19 - (3 + -8)) - (-117 + 98)?
29
What is the value of (-3 - 26) + 85 + (119 - 155)?
20
Evaluate 11 + 57 + -49 + -60.
-41
What is the value of 4 + (-10 - 4) + 0 + -2 + 8 + -17?
-21
-25 + ((-68 - -61) + (0 - -2 - 0) - -14)
-16
Evaluate (13 - 1) + 27 + -58 + (-44 - -22).
-41
Evaluate 0 + 8 + 11 + (22 - (20 - -5)).
16
Evaluate 51 + 1 - -2 - (2 + (-30 - -21)).
61
-13 + (22 - (-29 - -96 - 21)) + 1 + 14
-22
What is 23 - (12 + 3 - -43)?
-35
(-14 - (28 - 73)) + (-42 - -10)
-1
9407 - 9335 - (-1 + 22)
51
6 + -1 - -2 - (1035 - 966)
-62
What is 100 - (-53 + -102 + 316)?
-61
Evaluate 2741 + -2617 - ((-4 + 3 - -3) + -3 + -1).
126
Calculate (-99 - -3) + 626 + -484.
46
What is -8 - -8 - (0 + 7) - (12 + -9 - -42)?
-52
Calculate -8 - (4 + -9) - (-12 + -1 - 0 - -84).
-74
What is the value of 1 + 7 - 21 - (-2 + (12 - 59))?
36
Evaluate 8 - (-18 + 2 - ((1 - 67) + 38)).
-4
Calculate -32 + (2 - -6) + (2 - (-1 + 9) - 1).
-31
Calculate 124 + -47 + -206 - -204.
75
(9 - (-14 - -7)) + -27 + -20 + 48
17
(-6 + -7 - (1 - (4 + -2))) + -4 + -52
-68
What is 1 + -1 - ((-11 - (-38 - -20 - -2)) + 4)?
-9
What is -33 - (-14 + -28 - (-12 + (8 - 20)))?
-15
Calculate (-15 - (-29 + (47 - (-7 - -30)))) + (6 - 2).
-6
(11 - 65) + 19 - (-20 - -1)
-16
What is 1 + (10 - (-1 - (-5 + -17)) - -39) + 4?
33
Calculate -3 + 13 - -4 - (-25 - -14).
25
What is the value of 0 + -77 + (382 - 249)?
56
What is 39 + -1 + (-26 + 10 - -11)?
33
What is -358 + 379 - (-3 + -1 + -1 + -3)?
29
(-26 - (-10 - -2)) + (-9 - -34)
7
Evaluate 26 - -3 - (-2 + -1 + -1 - (-78 - -70)).
25
Evaluate 49 + 0 + 1 - (192 - (-91 - -283)).
50
Evaluate -21 - (-54 + 94 - 45).
-16
What is the value of -5 + -29 + (-51 - -42 - -8)?
-35
Evaluate 58 - ((-24 - -38) + 3 + -25) - -12.
78
What is the value of ((0 - 0) + 0 - 1) + (525 - 449) - -12?
87
Calculate -78 + (-115 - -39 - -128).
-26
What is -13 - ((64 - 115) + (12 - (-7 - -4)))?
23
Calculate -109 - (-42 - (-113 - -175)).
-5
What is (-78 - -93 - ((-3 - -2) + 7)) + -7?
2
What is -30 + (47 - 52 - 6)?
-41
What is 66 - (-23 - (-50 + 24))?
63
Calculate -50 + -8 + 6 + 8 - (-15 + 3).
-32
Calculate -386 - -409 - (2 - 22) - -11.
54
Evaluate 0 + -20 - (27 + -49 + -59).
61
21 + -23 + (4 + -2 - -8) + 4
12
Evaluate -5 + 2 + -15 + 18 + 38 + -1.
37
Evaluate -18 + 19 + -20 - 32 - -18.
-33
What is (6 - (-1 - -28) - (-13 + -4)) + 113?
109
What is -17 - -15 - (-5 - 2 - (-16 - -11) - 2)?
2
What is -1 - 25 - (-192 - -198) - (-1 - (-5 - -3))?
-33
What is the value of 4 - -15 - (24 + -42 + 16 + (-3 - 0))?
24
Calculate (-37 - 0) + (-954 - -996).
5
-32 - (-18 + 10 - -12 - 0)
-36
What is the value of -6 + (-28 - 15) + 6 + -12 + -8 + 4?
-59
Calculate (3 - 0) + -3 + -4 - (4 + -10) - -46.
48
Evaluate 0 + -3 + (8 - 91 - -73).
-13
Evaluate 66 + (14 + -24 - -4 - 16).
44
Calculate 2 - -35 - (4 + 4 + 22 + -25).
32
Calculate (1 - -10